e d(5).
0
Let s(d) = -d**3 - 6*d**2 + 5. Suppose -8 = -5*x - 38. Give s(x).
5
Let d(r) = -r**2 + 3*r - 1. Let h = -2 + 4. Suppose -4*l - h = -6. Determine d(l).
1
Let o(r) be the first derivative of -1/120*r**5 + 2 + 0*r + 0*r**2 - r**3 - 5/24*r**4. Let f(t) be the third derivative of o(t). Give f(-3).
-2
Let p(u) = -u**3 + 5*u**2 + 6*u - 8. Let a(y) = -2*y**3 - y + 6. Let t be a(0). Calculate p(t).
-8
Let d(k) = k**3 + 5*k**2 - 7*k - 4. Suppose 4*c + 18 = c. Let l be d(c). Let w(x) = -3 - x**l + 0*x**2 + 0 - 3*x. Give w(-4).
-7
Let o(t) = t + 9. Let s(d) = -d**3 - 7*d**2 - 7*d - 7. Let x be s(-6). Let q be 66 - (-4)/(x + 3). Let p be q/(-18) + (-6)/27. Determine o(p).
5
Let n(v) = -v + 7. Let i = 10 + -10. Suppose 5*y - 30 = -i*y. What is n(y)?
1
Suppose -36 = 10*m + 14. Let b(h) = -h**3 - 5*h**2 + h. Determine b(m).
-5
Let x(l) = -4*l + 3 + 6*l**2 + l + 1 - l**3. Determine x(6).
-14
Let a(j) = -6*j**2. Suppose 2*d - d + 5 = 0, -6 = -4*p + 2*d. What is a(p)?
-6
Let x(s) = 98*s**2 + s**3 + 3*s - 47*s**2 - 48*s**2. Determine x(-2).
-2
Let t(h) be the third derivative of h**6/120 + h**5/12 + h**4/24 - h**3/2 + h**2. Suppose -29 = 2*o - o - 5*f, -5*o = -3*f + 35. Determine t(o).
9
Suppose p - 12 = -2*p. Let u(j) = 2*j + 6 - 4 - p*j**2 + j**3 + 7*j**2. Give u(-3).
-4
Suppose -x - 2*f = 5, -2*x + 0*x + 15 = -f. Let p(l) = -16*l**2 + 31*l + 30. Let m(t) = 3*t**2 - 6*t - 6. Let j(q) = -11*m(q) - 2*p(q). Give j(x).
1
Let c(n) = -20*n**3 + 26*n**2 + 38*n - 15. Let w(a) = -7*a**3 + 9*a**2 + 13*a - 5. Let r(u) = -6*c(u) + 17*w(u). Let h be (-1 + -2)/6*-8. Determine r(h).
-7
Let d(r) = -r + 4. Suppose 6*j = j. Suppose 2*l - 4 = -j*l. Suppose -l = -t - 0. Give d(t).
2
Let g = 27 + -28. Let v(k) = -4*k. Calculate v(g).
4
Let p(i) = -i**3 - 4*i**2 + 2*i + 2. Let s = 7 + 1. Suppose -5*h + 12 = -s*h. What is p(h)?
-6
Let c(b) = -b**2 - 3*b - 3. Let v(z) = z**3 + z**2 - z - 3. Let g be v(0). Let d be c(g). Let k(r) = r**2 + 2*r + 3. Give k(d).
6
Let u(z) = -z**2 - z - 4*z + 2 + 4*z. Suppose 0 = -m - 4*m + 2*a, -4*m + 2*a - 2 = 0. Determine u(m).
-4
Let a(g) = 11*g**3 - g**2 + 5*g - 1. Let m(d) = -7*d**3 + d**2 - 3*d + 1. Let h(n) = -5*a(n) - 8*m(n). Suppose -7 = -2*k - 1. Calculate h(k).
-6
Let y(t) = t + t**3 + 3*t + 14 + 3*t - 4 + 8*t**2. Calculate y(-7).
10
Let v(c) = -c**3 + 4*c**2 + 4*c - 4. Let t(r) = r**2 - r. Let h be t(1). Suppose h*b + 2*b = 0. Let s = 5 + b. What is v(s)?
-9
Let z(l) = 9 + 5*l - 5*l + l. Give z(0).
9
Let r(p) = 0*p**2 + 0 - 5 - 4*p**2 + 2*p**2 + 2*p. Let c(y) = 3*y**2 - y + 5. Let d(g) = 3*c(g) + 4*r(g). Suppose 2*h + 1 = -11. Determine d(h).
1
Let g(q) = 4 + 5*q + 4*q**2 + 2 + 46*q**3 - 45*q**3. Give g(-4).
-14
Let z(o) be the first derivative of o**2 + 3*o + 5. Calculate z(-3).
-3
Let o(t) = -t**2 - 6*t - 3. Let u be o(-5). Let d(b) = -b + 6. Let s be d(4). Suppose 5*c = -3*w + w + s, -2*w = -u*c - 2. Let v(r) = r - 6. Give v(c).
-6
Let u(c) = 4*c**2 - 1. Let l be u(-2). Let m be (-3)/(-15) - (-42)/l. Let a(o) = -2*o + 0*o - o**m + 6*o - 4*o**2. Determine a(-5).
5
Let q(o) be the first derivative of -6 - 3/2*o**2 - 2*o. Calculate q(2).
-8
Suppose -6 = -t - 4. Suppose -5*w = 4*h - 2*w + 24, -18 = t*h + 3*w. Let n(x) = -x - 4. Determine n(h).
-1
Let m(f) = 2*f + 4. Let o be 160/15*9/4. Let k be ((-1)/2)/(4/o). Determine m(k).
-2
Let y(k) = 0*k + 2 - 4*k + 2*k**2 + k - k. Let w = -12 - -20. Let h be (-5)/2*w/(-10). Determine y(h).
2
Let t = -82 + 90. Let z(j) = 3*j - 8. Calculate z(t).
16
Let c(v) = v**3 + v**2 + 5. Let q be 4 - (3 - 1 - -2). What is c(q)?
5
Let o = -2 - -5. Suppose -o = j - 0*j. Let l(x) = x + 3. Calculate l(j).
0
Let f(q) = q - 2. Let y(x) be the second derivative of x**5/20 - x**2 + 2*x. Let i be y(0). What is f(i)?
-4
Let k(u) be the third derivative of u**4/24 - u**3/6 + 2*u**2. Let o = -2 - 2. Determine k(o).
-5
Let m(k) = -2*k + 2. Let p(o) = -o**3 + 4*o**2 + 3*o + 15. Let a be p(5). Calculate m(a).
-8
Suppose 0 = 2*d + n + 7 - 1, 2*n = 5*d + 33. Let a(u) = u**2 + 7*u + 7. What is a(d)?
-3
Let j = -1 + -4. Let y(x) = x**3 - 4*x**2 - 4*x - 6. Let g(t) = -t**3 + 4*t**2 + 5*t + 7. Let p(c) = j*g(c) - 6*y(c). Determine p(3).
7
Let u(s) = -s**3 - 8*s**2 - 4*s + 4. Let m be -3 + (-3 - 4) + 3. Calculate u(m).
-17
Let b(g) = g**3 + 3*g**2 - g + 1. Let y(c) = -2*c**2 + 15*c - 8. Let d be y(6). Suppose 0 = -3*w + 4 - d. Determine b(w).
7
Let k = 141 + -133. Let f(i) = -i**2 + 9*i - 2. Determine f(k).
6
Let q(n) = 23*n**2 - 5*n - 7. Let v(c) = 12*c**2 - 3*c - 4. Let l(j) = -4*q(j) + 7*v(j). Let t(r) = r + 4. Let a be t(0). Let f = a - 5. What is l(f)?
-7
Let f(p) be the second derivative of -p**4/24 - p**3/3 - 5*p**2/2 + 4*p. Let v(c) be the first derivative of f(c). What is v(-2)?
0
Suppose -5*w - i - 23 = 6, -w - 2*i - 13 = 0. Let u(j) = -2*j**3 - 5*j**2 + j**3 + 2 + 2. Calculate u(w).
4
Let x(l) = 10*l**3 - 2*l + 1. Suppose 49 = -5*f + 54. Calculate x(f).
9
Let b(q) = 17*q**2 - 3 + 5*q - 11*q**2 - 2 - 5*q**2. Determine b(-6).
1
Let t be -1 + 4/6*-3. Let d(s) = 3*s**2 + 4*s - 1. Calculate d(t).
14
Let m(z) = -z + 51 - 53 - 4*z + 2*z. Calculate m(-4).
10
Suppose 6*u - u - 75 = -2*y, -5*u = y - 70. Let q(n) = -3*n**2 + 2*n**2 + 12*n**3 - u*n**3. What is q(-2)?
4
Let f(d) be the second derivative of 0 - d**2 + 1/6*d**3 - 4*d. Calculate f(-5).
-7
Let o(g) = -g**2 - 6*g + 6. Let p be o(-6). Let i be (-3)/p*2 + 0. Let t(q) = 4*q**2 + 2*q + 1. Give t(i).
3
Let j(o) = -3*o - 13. Let f(r) = -r - 5. Let y(u) = 17*f(u) - 6*j(u). Calculate y(0).
-7
Let k(x) be the second derivative of x**5/20 + 5*x**4/12 + 2*x**3/3 - x**2/2 - x. Calculate k(-4).
-1
Suppose -4*u + r + 4 = -13, -3*u - 2*r = -21. Let v(f) = -3*f + 12. Let q(i) = 3*i - 11. Let a(t) = -5*q(t) - 4*v(t). Calculate a(u).
-8
Let m(f) be the first derivative of -f**4/2 + f**3 - f**2 + f + 16. What is m(2)?
-7
Let k be 6/3*(-7)/2. Let r = 5 + k. Let q = 6 + r. Let u(t) = -t**2 + 3*t + 2. Determine u(q).
-2
Let o be (1/(-5))/(1/(-5)). Let s(t) = 0*t**2 + o + 0 + t**2. Let n(c) = 5*c**2 + 4*c - 3. Let x(l) = n(l) - 4*s(l). What is x(-5)?
-2
Let k(f) = 2*f - 2. Let o be k(4). Let u be 28/o - (-1)/3. Let g = u + -3. Let w(i) = i**2 - 3*i + 1. Calculate w(g).
-1
Let k(c) = c - 3. Suppose 4 = 3*z - 8. Give k(z).
1
Let l(i) = -i**3 - 9*i**2 - 9*i + 2. Let q be l(-8). Suppose -3*v = -4*h - 22, -5*h = 4*v - 29 + q. Let u(a) = -6*a**2 - 7*a + v*a + 0*a - 1. Determine u(-1).
-6
Let j(d) = 3*d**2 + 3*d + 1. Let f be j(-1). Let p(c) = f - 7 + 5*c**2 + 14*c**3 - 15*c**3 + 7*c. Calculate p(6).
0
Let b(c) = c**3 + c**2 - 1. Let f = -52 - -51. What is b(f)?
-1
Suppose 2*j = 3*j - 3. Let x(q) = -q**2 + 2*q + 1. Give x(j).
-2
Let r(u) = -u**2 + u - 1. Let i be -35*(-4)/(-30)*-3. Suppose -2*p + 2*d + i = 0, -5*p + p = -d - 19. Calculate r(p).
-13
Suppose 7 = x + 2. Let g(n) = n**3 - 5*n**2 + 2*n - 7. Determine g(x).
3
Let d be (2/(-14))/((-12)/14). Let n(q) be the third derivative of d*q**4 + 0 - q**2 + 0*q + 1/2*q**3. Calculate n(-2).
-5
Let a(m) = -m - 12. Suppose 4*c = -2*j - 6, 71 = -5*j - 2*c + 6*c. Let r be j/(-2) - 2/(-4). Let h be (-2)/r - (-56)/(-12). What is a(h)?
-7
Let y(f) = -6*f + 36. Let a be y(6). Let r(l) = -l + 12. Calculate r(a).
12
Let x(l) be the third derivative of -l**5/60 - l**4/4 + l**3/2 - l**2. Let b = 3 - 2. Let q = b - 8. What is x(q)?
-4
Let s = 0 + 2. Suppose -s*z + z - 2 = 0. Let n(b) = 2*b**2 - 1. Give n(z).
7
Let u = 10 - 9. Suppose -7 = -3*g - u, 0 = -4*s + 2*g + 4. Let j(b) be the third derivative of -b**5/30 + b**4/12 - b**3/6 - 2*b**2. Calculate j(s).
-5
Let h = 75 + -77. Let g(l) = -l + 1. Give g(h).
3
Let t(x) = -2*x**2 - 3*x - 2. Let v(j) = -2*j**2 - 3 + j**2 + 0*j**2 + 2 - j. Let z(g) = 3*t(g) - 5*v(g). What is z(-3)?
2
Let g(x) = -x**2 - 8*x - 12. Let y = -24 + 19. Let f be g(y). Let s(r) = r**3 + 2*r**2 - 2*r**3 + 0*r**3. Determine s(f).
-9
Let j(y) = -y - 1. Let x be j(-1). Let o(h) = 4*h - 5*h + 2*h + 10 - 2*h. Determine o(x).
10
Let a(t) be the third derivative of -5*t**4/24 - 8*t**2 + 2*t. Determine a(4).
-20
Let o be (10/(-2))/(-6 - -5). Suppose 19 = o*p + 4. Let j(d) = -7 - 2*d + 2*d**2 - d**p + 9 + 0*d. What is j(2)?
-2
Suppose 2*w - 4 = -q + 4, 5*w = -3*q + 22. Let d(g) = -9*g + 3. Calculate d(w).
-15
Suppose 0 = -3*n + 2*k + 28, 0 = -3*n 